32 and 14.
14
What is the greatest common factor of 37651 and 20254601?
1637
Calculate the greatest common divisor of 7198723 and 189.
7
Calculate the highest common factor of 34087974 and 246.
246
What is the greatest common divisor of 245 and 3853710?
35
What is the greatest common divisor of 9504 and 1808676?
108
Calculate the highest common divisor of 25112 and 853120.
344
What is the highest common factor of 2252672 and 7808?
128
Calculate the greatest common divisor of 38148332 and 111.
37
Calculate the highest common divisor of 9 and 614906.
1
Calculate the highest common divisor of 121 and 630011.
1
What is the greatest common divisor of 9 and 2806119?
9
Calculate the greatest common factor of 579 and 58473017.
193
What is the highest common factor of 13 and 16435913?
13
Calculate the greatest common factor of 1195097 and 10865.
53
Calculate the highest common factor of 315 and 1677429.
9
Calculate the greatest common factor of 13533624 and 260.
52
What is the greatest common divisor of 378328 and 55544?
1048
Calculate the greatest common factor of 4129360 and 71000.
2840
Calculate the greatest common factor of 891 and 403866.
81
Calculate the greatest common factor of 122478 and 15535038.
894
Calculate the highest common factor of 11177274 and 1464.
366
What is the highest common factor of 3362849 and 1302?
217
Calculate the greatest common divisor of 41433682 and 946.
86
Calculate the greatest common divisor of 300806 and 167706.
2662
What is the highest common divisor of 28215 and 72903?
57
What is the greatest common factor of 835918 and 88?
2
What is the highest common factor of 8800854 and 4005?
267
What is the highest common factor of 16123 and 2131741?
701
What is the greatest common divisor of 14958 and 6045?
3
Calculate the highest common factor of 809394 and 3102.
6
Calculate the highest common divisor of 501046555 and 235.
235
What is the highest common factor of 23 and 1995313756?
23
Calculate the greatest common factor of 41385105 and 45.
45
What is the greatest common divisor of 95 and 10411563?
19
What is the highest common factor of 3354792 and 672?
168
Calculate the highest common factor of 1550 and 637205.
155
What is the highest common divisor of 16053644 and 2763?
307
Calculate the highest common divisor of 5176290120 and 860.
860
Calculate the greatest common divisor of 4472088 and 1164.
1164
Calculate the highest common factor of 15180 and 1561263.
759
What is the highest common divisor of 147939 and 5291?
11
What is the greatest common divisor of 59484966 and 3583?
3583
What is the highest common factor of 6466 and 180113663?
3233
What is the greatest common divisor of 770 and 504570?
110
What is the greatest common factor of 556742 and 439843?
841
Calculate the highest common divisor of 179 and 202347328.
179
What is the highest common divisor of 1543220 and 2870?
70
Calculate the highest common factor of 168 and 104969508.
84
Calculate the greatest common divisor of 340 and 17786794.
34
Calculate the greatest common divisor of 648 and 334216.
8
What is the highest common divisor of 254622 and 1698?
6
Calculate the greatest common divisor of 204 and 695469252.
204
Calculate the highest common factor of 4292 and 277562567.
1073
Calculate the greatest common divisor of 10358508 and 408.
204
What is the greatest common factor of 458526696 and 48?
24
What is the greatest common divisor of 256 and 34376?
8
What is the highest common factor of 67860 and 11132810?
3770
Calculate the greatest common factor of 68249425 and 25.
25
Calculate the highest common factor of 31368 and 19128.
24
Calculate the greatest common factor of 6955 and 39635.
5
Calculate the greatest common factor of 21305102 and 2548.
1274
What is the highest common divisor of 8715 and 8476209?
1743
What is the highest common divisor of 8928 and 16309224?
2232
Calculate the highest common divisor of 304 and 11431654.
38
Calculate the greatest common factor of 1751022 and 17199.
819
Calculate the highest common factor of 93371960 and 660.
220
What is the highest common factor of 42 and 10362492?
42
Calculate the greatest common divisor of 3903018 and 22192.
2774
What is the highest common divisor of 311159424 and 71904?
10272
Calculate the greatest common factor of 1822620 and 23865.
555
Calculate the greatest common factor of 561252164 and 759.
253
What is the highest common factor of 74332 and 2084?
4
Calculate the greatest common divisor of 611437675 and 125.
25
Calculate the greatest common factor of 111584 and 391588832.
10144
What is the greatest common factor of 1835885 and 13330?
215
What is the greatest common factor of 1229867 and 555127?
3067
Calculate the highest common divisor of 171 and 236017791.
171
What is the greatest common divisor of 472445146 and 114?
38
Calculate the greatest common factor of 519 and 23701.
173
What is the greatest common factor of 413144930 and 2090?
2090
Calculate the highest common divisor of 16760 and 76470.
10
What is the highest common divisor of 837487 and 2646763?
1267
Calculate the highest common divisor of 217 and 500391367.
217
What is the highest common divisor of 7117556 and 29300?
1172
What is the highest common divisor of 14776602 and 116?
58
Calculate the greatest common divisor of 726652 and 3736.
1868
Calculate the highest common divisor of 246 and 471530750.
82
Calculate the highest common factor of 153806621 and 41.
41
Calculate the highest common divisor of 429293 and 20687.
151
Calculate the greatest common factor of 3927 and 9186639.
231
Calculate the highest common factor of 345 and 8006829.
69
Calculate the greatest common factor of 76748 and 5866.
14
Calculate the highest common divisor of 225 and 6464205.
45
Calculate the greatest common factor of 875692731 and 115.
23
Calculate the greatest common divisor of 784553 and 23922.
443
What is the greatest common divisor of 1680 and 62510420?
140
What is the highest common divisor of 1643259549 and 3147?
3147
Calculate the highest common divisor of 690969 and 1251.
417
What is the highest common factor of 1281511 and 19635?
1309
Calculate the highest common factor of 204 and 639588.
12
Calculate the highest common divisor of 31457 and 2421431.
379
What is the highest common divisor of 62300 and 606550?
350
What is the greatest common divisor of 263144944 and 16?
16
Calculate the greatest common factor of 292701924 and 72.
36
What is the highest common factor of 1265504 and 13490?
142
Calculate the highest common divisor of 489243 and 218943.
2703
Calculate the highest common factor of 530 and 1812970.
10
Calculate the greatest common factor of 4368 and 226016.
112
What is the highest common factor of 1401887 and 96125?
769
What is the greatest common divisor of 1383875 and 2750?
125
Calculate the greatest common divisor of 26465762 and 318.
106
What is the greatest common divisor of 4617340 and 2150?
430
What is the greatest common factor of 63754853 and 43?
43
What is the highest common factor of 72560111 and 13?
13
What is the highest common factor of 726001 and 49219?
83
Calculate the highest common factor of 41184105 and 240.
15
Calculate the greatest common factor of 67760 and 2036560.
80
Calculate the greatest common divisor of 679 and 4627637.
7
Calculate the greatest common factor of 18029025 and 2925.
225
Calculate the highest common divisor of 3243 and 305394.
69
Calculate the highest common factor of 178969 and 216783.
259
Calculate the greatest common divisor of 1222832 and 58864.
208
What is the highest common factor of 126 and 10176264?
126
Calculate the highest common divisor of 2321605 and 25415.
1105
Calculate the highest common divisor of 179875 and 109375.
125
What is the highest common divisor of 17856 and 939?
3
What is the greatest common factor of 6908 and 667564?
628
What is the highest common divisor of 62320 and 608000?
1520
Calculate the highest common factor of 1905788 and 657096.
524
What is the highest common divisor of 1204359085 and 1695?
565
What is the greatest common divisor of 4316 and 3479775?
1079
Calculate the greatest common factor of 1104552 and 684.
36
What is the highest common factor of 16813 and 5328259?
731
What is the highest common factor of 231 and 320988657?
33
Calculate the highest common